ate 6 + (7 - 2 - 4) + -5.
2
Calculate (-3 - (-4 + 3) - -1) + 2.
1
What is the value of -5 - (5 + -3 + 0 - 6)?
-1
Evaluate 0 + -4 + 8 - -1.
5
What is -1 + -3 - -9 - 3?
2
(1 - 6) + (-1 - -4 - 0)
-2
(1 - (3 - 7) - 1) + -3
1
What is the value of -7 + -3 + -8 + 15?
-3
What is the value of 4 + (2 + (0 - 2) - 4)?
0
What is (9 - -2) + -11 - -11?
11
What is 2 - -7 - (-4 + 5 + 6)?
2
What is the value of 14 + -1 + 1 + (-2 - 6)?
6
(-4 - -1) + (30 - 21)
6
What is -9 + (6 - 0) + (3 - 2)?
-2
What is the value of 2 + -6 + 13 + -8?
1
What is -2 + 1 + -19 + 15 + -1?
-6
What is the value of 6 + -6 + 4 + -3?
1
What is the value of -5 + (-4 - (-3 - 1)) + 3?
-2
(2 - -1) + (-15 - -13) - 4
-3
9 - (-3 - -1) - 7 - -5
9
What is the value of 3 - (6 + (3 + -3 - 3))?
0
What is the value of (-6 - -13) + -9 - -3?
1
Evaluate -3 - 0 - (-16 + 6).
7
Calculate 3 + (2 - (2 - 2)).
5
What is the value of 20 + -19 + -1 + (1 - -3)?
4
(-1 - 12) + 76 + -65
-2
-19 + 22 + (-2 - -1)
2
Evaluate 7 + (0 - (-4 - -19)) + 3.
-5
What is the value of -11 + 1 + (13 - 9)?
-6
Calculate 3 + (3 - (1 - -3) - 7).
-5
5 + -4 + 5 + -9
-3
(3 - (3 + -4 - -1)) + -7
-4
Evaluate 12 + -3 - 22 - -9.
-4
Calculate 4 - (-2 - -10) - 0.
-4
Calculate -1 + 4 + 11 + -12.
2
Calculate (0 - -7 - 5) + 0.
2
What is the value of 12 + (5 - 11) + (-2 - -1)?
5
-4 + 0 - (16 - 11) - -3
-6
What is -5 + (8 - 4) - (1 + -1)?
-1
What is -5 - (0 - -4) - -6?
-3
(8 - 7 - 1) + 3
3
Evaluate -1 + 12 + -13 + -8.
-10
Calculate 7 - ((0 - -6) + -5).
6
What is (-4 - -2 - -1) + -2 - 1?
-4
Calculate 7 + -4 + 13 + -2 + -6.
8
What is the value of 3 - (3 - 0) - (14 - 14)?
0
Calculate 4 + (0 + 2 - 3) + 2.
5
Calculate (10 - 10) + -1 + 5.
4
What is the value of -2 + (-5 - -1) + 1?
-5
What is the value of -3 - (-8 + 2 + -1 + 2)?
2
Calculate -8 + (4 - (0 + 0)).
-4
3 - (3 + -6 - -2)
4
Evaluate 2 - (2 + (-2 - 3) - -3).
2
What is -2 - (10 + -4) - (-2 + 2)?
-8
Evaluate 13 - (5 + -4 + (3 - -4)).
5
What is the value of 1 + -9 + 4 - -1?
-3
Evaluate (1 - (3 + -1 + 0)) + 1.
0
-5 + 3 + 4 - (1 - -1)
0
(-4 - -1) + (-6 - (-7 + 1))
-3
Evaluate 7 + -1 - (137 + -124).
-7
What is -4 - (-18 + (2 - -7 - 2))?
7
1 - 1 - (2 + -8 + 10)
-4
-5 - (4 + -3 + -6)
0
What is 2 - ((2 - 3 - -9) + 3)?
-9
Calculate (-6 - -8) + 2 + 0.
4
9 + 0 - (2 - -2)
5
What is the value of -4 + 0 + 6 + -3 + -4?
-5
What is 3 - (10 - 0) - 1 - -2?
-6
What is 4 - 4 - (-14 - -10)?
4
What is the value of (-9 - (0 + -3)) + 4 + -3?
-5
Evaluate -10 + 4 + 12 - (9 - 1).
-2
Evaluate 0 + (-8 - -5) + 1.
-2
Evaluate 3 - (2 - 2 - -4).
-1
6 - -1 - 0 - (18 + -19)
8
What is the value of 6 + -1 + 7 + (22 - 24)?
10
-5 + (1 - (-1 + -5 + 9))
-7
3 - (2 + 1 + 4)
-4
What is the value of (-6 - -1) + 4 + -3?
-4
What is -4 - 1 - (1 + 0)?
-6
Calculate -5 + (17 - 18 - (-1 + -3)).
-2
Calculate -5 + 8 + 4 + -1 + -3.
3
Evaluate -1 - (2 + -3 + -1).
1
(1 - (0 - 3)) + -8
-4
What is the value of -2 + (-3 - (-1 - -1))?
-5
What is 6 - 4 - (-2 + 3)?
1
Calculate -2 - (2 + -6 + -3 + 5).
0
What is the value of -2 + -3 - (-10 + 1 + 2)?
2
Calculate -2 - (1 + -5) - (-17 + 16).
3
(-3 + (3 - 3) - 8) + 5
-6
3 - -1 - (-23 + 30)
-3
Calculate 0 - 0 - (-10 + 6).
4
10 + -17 + 8 - (3 + 5)
-7
Evaluate -2 - -6 - 0 - (-2 - -3).
3
What is (6 - 5) + (0 - -3)?
4
Calculate (9 - (5 - 1)) + (-10 - -3).
-2
(-9 - (7 + -18)) + 0 + 2
4
1 - (4 + -2 - 0)
-1
What is -10 + (3 - -5 - -10)?
8
7 + (-7 - -2) + 1
3
-8 - -2 - 3 - -6
-3
What is 3 + (5 - 4) + 1?
5
Evaluate 1 - (-9 - -12) - (0 + 2).
-4
Evaluate -5 - 3 - (-4 - -1).
-5
What is (30 + -13 - 9) + 1?
9
Evaluate 3 - ((4 - 2) + -7 + 8).
0
What is the value of (-5 + -2 - -5) + (-2 - -1)?
-3
What is the value of -10 - -9 - -9 - 9?
-1
-8 + 2 - (-2 + 1)
-5
Calculate -4 - -2 - 2 - -4.
0
Evaluate 5 - (-2 + 0 + 7).
0
Evaluate -1 + (0 - -4) + -20 + 12.
-5
Evaluate (34 - 35) + -2 + 1.
-2
(8 - -1 - 18) + 4
-5
What is 6 + (-4 - 1 - 0)?
1
What is -11 + 0 - (-130 + 112)?
7
Evaluate -10 + -1 + 4 - (-2 - 2).
-3
What is -3 + (-3 - (-3 - 2))?
-1
What is (-3 - -3) + 1 + -1?
0
What is -2 - (-9 + 9 - 3)?
1
Evaluate (6 - 1) + (2 - 3).
4
4 + (2 - 2) + -8 - -3
-1
Calculate -5 + -8 + (11 - 3).
-5
Calculate (0 - (2 + -2)) + (3 - 5).
-2
What is 15 - (11 - 11) - 7?
8
Evaluate 1 + -7 - -9 - 4.
-1
Calculate 0 - (1 - (0 - (-1 + 0))).
0
Calculate (0 - (5 + 0 + -1)) + 1.
-3
Evaluate 5 + (-5 - (5 - 5)).
0
Calculate -13 + (-5 - -11) - -5.
-2
Evaluate (0 - 2) + 73 + -79.
-8
6 + (-6 - -2) + -5
-3
What is the value of 11 - 3 - 5 - (-1 + 0)?
4
What is the value of -8 + (-16 - -9) + 7?
-8
What is the value of 1 - (-5 - (-4 + 1))?
3
(-2 + 4 - 0) + (27 - 33)
-4
Calculate -5 - (11 + -23 - (0 - 1)).
6
Calculate (4 - 0) + (5 - 13) + 3.
-1
Calculate 7 + -5 + (3 - -4).
9
Evaluate (-3 - -4) + 5 + -4.
2
Evaluate (-6 + 11 - 0) + 2 + -4.
3
Calculate -2 + (-4 - (-5 - 4)).
3
What is -5 + (-3 + -2 - -13 - 3)?
0
Evaluate 12 + -11 + (-1 - 2 - -1).
-1
Evaluate -7 + -3 + (12 - 7).
-5
What is -6 + 2 - (-2 - (-1 - -4))?
1
Evaluate (-10 - -13) + -1 + -7.
-5
Evaluate (9 - 10 - -18) + -14.
3
3 + (-2 - 3 - (-1 - 4))
3
(0 - (-5 + 0 + 8)) + 7
4
Calculate 9 + -10 + 5 - 9.
-5
What is the value of -2 + -6 + (-1 + 2 - -1)?
-6
Evaluate 0 - 3 - (0 - (6 + -1)).
2
Calculate (8 - 1) + -7 + (6 - 5).
1
What is the value of 0 + (6 - (1 - -3)) + -2?
0
Calculate (7 - 0) + (-56 - -43).
-6
-4 + (-5 - -9 - 3)
-3
Calculate -1 + 3 + -2 + -7 + -1.
-8
What is (1 - 0) + (-26 - -29)?
4
What is 7 - 13 - (0 - 2)?
-4
(-8 - (-6 + -5 - -1)) + -1
1
What is the value of -3 + (-3 - 1 - -6)?
-1
What is 0 + 0 + 0 + 1 - 0?
1
What is the value of 3 + -4 + -11 - -7?
-5
6 + -5 + -3 + (2 - -4)
4
What is -1 - (-4 + (5 - 3))?
1
0 + -1 + (1 - 3 - -6)
3
Evaluate 5 - 3 - (9 + -2).
-5
Evaluate -5 - (6 - 1 - (9 + -1)).
-2
Evaluate -1 - 0 - -1 - -3.
3
Calculate (4 - (-2 - (3 - 6))) + -7.
-4
-3 + -1 + -1 + 1 + 1
-3
What is the value of (3 - 8) + 0 - -7 - -4?
6
Evaluate 0 + (0 - 3) - -1 - -4.
2
Evaluate 1 - (-2 + 1) - (-125 - -129).
-2
Calculate -2 + 3 - (-1 + -4 - -7).
-1
What is the value of 5 + -5 - -4 - (10 - 2)?
-4
What is the value of 0 - -2 - ((-4 - -3) + 2)?
1
What is 0 - (-6 + (4 - 2) + 6)?
-2
What is the value of 10 - (5 + -6 + 18)?
-7
3 + -1 - (5 + 3 - 5)
-1
What is 2 + 4 + -6 + -4?
-4
Calculate -6 + -4 + (7 - -5) + 0.
2
Evaluate -6 + (4 - (0 + 1)) + 6.
3
Calculate (3 - 3) + (-8 + 2 - -5).
-1
What is 0 - 3 - (1 - 0)?
-4
Calculate 2 - (-1 + -4 + 2).
5
Calculate 5 - (11 + 2 + -6).
-2
What is (-1 - 4) + -2 + -53 + 55?
-5
(-3 - 3) + 2 + -1
-5
What is -6 + (0 - -3) - (3 - 3)?
-3
-4 + (-2 - (-11 - -6))
-1
What is the value of 1 - (4 + -11 + 5)?
3
What is 1 + -5 + 11 + -2 - 7?
-2
-2 + (-1 - -2) + 1 + 3
3
-3 - 4 - (-9 + 3 + 1)
-2
Evaluate (-7 - (-8 + 6)) + 0.
-5
What is the value of (-3 - 0) + (5 - (2 + 2))?
-2
What is the value of -5 - 0 - (51 - 55)?
-1
Evaluate 1 + -2 - (-3 + -1 + 7).
-4
Calculate (13 - 14) + 0 + 3 + -1.
1
Evaluate 0 + -8 - (54 + -56).
-6
Evaluate -1 + 4 + (-6 + -4 - -3).
-4
-6 - (1 + -2) - (32 + -39)
2
Calculate 261 - 259 - (4 - 0).
-2
-2 + (-7 - -11 - 3 - 1)
-2
(-1 - 4) + -1 + 1
-5
Calculate -1 + 5 - (48 - 39).
-5
What is the value of 3 + -6 + (2 - -3) + 3?
5
4 + -1 + 0 + -4
-1
Calculate -6 + (8 - 8) - (2 + -1).
-7
9 - (9 + 3 + -9)
6
What is the value of 4 + 0 + -4 + 1?
1
Calculate 6 - (6 - (-4 - -7)).
3
(2 - 5) + -2 + 4
-1
Evaluate -1 + -7 - (1 + -3).
-6
Evaluate 6 + (-2 + 8 - 3) + -1.
8
What is the value of 6 + 2 + -13 + -1?
-6
What is -4 + (-7 - -18) + 6 - 4?
9
-6 + 4 + 6 + 1
5
Calculate 3 + (-1 - ((0 - 0) + -3)).
5
-5 + (1 - -4 - 2 - 3)
-5
Evaluate 3 - 5 - (-4 - (8 + -13)).
-3
Evaluate -6 + 14 + -8 - 4.
-4
Evaluate (2 - 8) + (-6 + 2 - -5).
-5
Calculate (-2 - -5) + -3 + (2 - 5).
-3
What is (1 - 4 - 1) + 7?
3
What is the value of (4 - (5 - 1)) + 3?
3
Calculate 10 + -6 + 5 + -5.
4
Calculate 9 - -3 - 5 - 7.
0
What is (2 - 0) + 2 - (37 + -31)?
-2
What is the value of -6 - (10 - (5 - (-2 + 1)))?
-10
-4 + (4 - -3) + 0 - 5
-2
Evaluate -7 - (0 - -2) - -4 - -2.
-3
Calculate -4 + -1 + 10 - 5.
0
Evaluate 8 + -6 + (5 - 9).
-2
What is the value of 1 - (-3 - -8 - -2)?
-6
Evaluate -21 + 6 + 8 - -13.
6
Calculate -2 - (3 - 2) - -2.
-1
Calculate 4 + -1 + -8 + 12.
7
What is (1 - (4 - -1)) + (-5 - -4)?
-5
Calculate -10 - (2 + -6) - -5.
-1
Evaluate -2 - 3 - (12 + -10).
-7
Calculate 0 + 0 - (98 - 95).
-3
Calculate (8 - (0 + -8 + 